tors of 102*1 + -21 + 19?
2, 5
Let h(i) = -i**3 - 7*i**2 + i - 11. Let o be h(-8). Suppose 0 = 5*t - 3*y - o, 2*t - 3*y - 2*y = -1. What are the prime factors of t?
2, 3
Suppose -4*n + 12 + 0 = 0. Suppose -y - n*a = -1, -2*a + 3*a = 2*y - 37. Let s = y - -5. What are the prime factors of s?
3, 7
Let m(t) = 2*t**2 + 6*t - 4. Let w be m(5). Let l be w/16 - (-6)/(-8). Suppose -3 = l*n - 11. List the prime factors of n.
2
Let i = -226 + 282. List the prime factors of i.
2, 7
Suppose p - 7 = -3. Suppose -3*t + 2*t + p*l = -50, 12 = -3*l. What are the prime factors of t?
2, 17
Let h = -9 - -4. Let i = 30 + h. What are the prime factors of i?
5
Suppose 528 = 7*n + 17. What are the prime factors of n?
73
Let q = 178 - 89. Let l = q - 62. What are the prime factors of l?
3
Suppose 0 = -5*g + 5*a + 7 + 28, 4*g - 5*a = 27. List the prime factors of (-6 + g)*(1 + 3).
2
Suppose 5*g = -2*w + 21, -g + 15 = 2*w + 6. Let v = 3 - g. Suppose -3*x + x + 24 = v. What are the prime factors of x?
2, 3
Let w(k) = -2*k + 42. Let f(t) = 2*t - 41. Let d(n) = -6*f(n) - 5*w(n). What are the prime factors of d(0)?
2, 3
Let f = 212 + -126. What are the prime factors of f?
2, 43
Suppose 0*r - 11 = -3*r + x, 4*r - 14 = x. Let l be (-2)/((-1)/r*2). Suppose -14 = y - l*y. List the prime factors of y.
7
What are the prime factors of ((-8)/((-64)/10))/((-3)/(-48))?
2, 5
Let b(a) = a**2 + 3*a + 2. Let p be b(-4). List the prime factors of ((-4)/p)/(6/(-81)).
3
Let g be 13/((0 - -2) + -1). Suppose -3 + g = 5*d. Suppose 7 = -2*p + 3, 24 = d*o - p. List the prime factors of o.
11
Let p be (-118)/(-3 - -1) - 3. Suppose -20 = -d + 2*y - 4*y, 0 = 3*d + 4*y - p. What are the prime factors of d?
2
Let j(f) = -12*f - 5. Let g(i) = 24*i + 9. Let v(m) = -6*g(m) - 11*j(m). List the prime factors of v(-1).
13
Let n = 241 - 138. What are the prime factors of n?
103
Let i(y) = y**2 - 3*y. Let k be ((-2)/(-2)*-4)/(-1). List the prime factors of i(k).
2
Let t = 0 + 3. Suppose 4*z = -t + 131. Let u = z + -20. What are the prime factors of u?
2, 3
Let a(q) = -q**2 - q. Let b be a(0). Let l = 11 + -8. Let v = b + l. List the prime factors of v.
3
Let a be 4*-4*(-3)/6. Suppose 2*i = 4*j - 8, -40 = -5*j + 3*i - a*i. What are the prime factors of j?
2
Suppose f - 4 = 1. Suppose -5 = -f*x + 10. Suppose -40 = -x*p - p. What are the prime factors of p?
2, 5
Suppose -3*f - 4*d = -265, -3*f + 3*d = -6*f + 267. List the prime factors of f.
7, 13
List the prime factors of 0/(-4) - -10*15.
2, 3, 5
Let i be 164/14 + (-2)/(-7). Let d = 11 - 13. What are the prime factors of d/6 + 100/i?
2
Let r be 16/104 + 7180/(-26). List the prime factors of r/(-6) - (1 - 0).
3, 5
Let r(s) = s**2 + 3*s - 2. Suppose 4*m - 6 = y, 16 = 2*y + y + 5*m. List the prime factors of r(y).
2
Suppose 0 = 5*q - 13 - 7. Suppose 3*m + q*n - 10 = 3, 5 = -m + n. List the prime factors of (14 - -1)*m/(-3).
5
List the prime factors of (651/12)/(2/8).
7, 31
Let x = -1 + 8. List the prime factors of x.
7
List the prime factors of (-15)/12*((-2 - -1) + -91).
5, 23
Let z(r) = r**3 + 10*r**2 - 12*r - 7. List the prime factors of z(-11).
2
Let q be ((-2)/4)/(2/(-12)). What are the prime factors of (-51)/(-21) + q/(-7)?
2
List the prime factors of (-9)/(9/20)*(-24)/5.
2, 3
Let b(j) = -j**3 - 6*j**2 - j - 6. Let f be b(-5). Let l = 54 + f. What are the prime factors of l?
2, 7
Let b(x) = 7*x - 3. Let n(s) = -s**2 - 7*s - 3. Let o be n(-6). Let f = 6 - o. What are the prime factors of b(f)?
2, 3
Suppose -g = -3*q + 131, q - 3*g = 11 + 22. List the prime factors of q.
3, 5
Let v be 1 - 3*4/6. Let m be (1/(-2))/(v/(-2)). List the prime factors of (m/2)/(4/(-16)).
2
Suppose -4*o = -0*o + 8. Let f = 0 - o. Suppose -n = f*n - 30. What are the prime factors of n?
2, 5
Suppose -10 = -3*m + m. Suppose m*r - 137 = -2*x, -5*x = 3*r - 24 - 43. What are the prime factors of r?
29
Suppose 0 = 5*l + 3*s - 126, -3*s + s - 116 = -5*l. What are the prime factors of l?
2, 3
List the prime factors of 5/5 + (3 - 0)*4.
13
Suppose -2*k + 0*k = -52. Let p = k + -9. List the prime factors of p.
17
Let g(h) = h**2 + 3*h + 1. Let v be g(-3). Let x be v/(2/8) + 1. Let i(f) = f**2 - 5*f + 5. List the prime factors of i(x).
5
Let o(l) = l**3 - 12*l**2 + 11*l + 1. Let d be o(11). Suppose 3 - d = x. List the prime factors of x.
2
What are the prime factors of (-8)/10*(-120)/4?
2, 3
Let q be (12/(-4) - 2)/(-1). Suppose -5*j + d + 3*d = -55, 0 = d + q. What are the prime factors of j?
7
Let q be ((-4)/5)/(8/20). List the prime factors of q/(0 + 1/(-9)).
2, 3
Suppose 8*q - 621 = 419. List the prime factors of q.
2, 5, 13
Let h(u) = u**3 + 8*u**2 + 5*u - 6. Let p be h(-7). List the prime factors of (-12)/((-6)/p - 0).
2
What are the prime factors of (1/3)/(18/1350)?
5
Let u(f) = -f**3 - 5*f**2 + 6*f + 3. Let x be u(-6). Suppose -x*d = -76 + 10. What are the prime factors of d?
2, 11
Let w(n) = -13*n**2 - 1. Let r be w(1). Let a be (-4)/(-14) + (-416)/r. Suppose -3*v = -4*j - 25, v + a = 3*v + 4*j. List the prime factors of v.
11
Suppose -9 = 3*q - 18. Suppose -x + 5 + q = b, 3*b = 4*x + 3. What are the prime factors of x?
3
Let b(q) = -2*q**3 + q**2 + 2*q + 1. Let p be b(-1). Suppose -3*t = -k - 35 + 5, -p*k + 21 = 3*t. What are the prime factors of t?
3
Let k(f) = 25*f + 5. List the prime factors of k(3).
2, 5
Let m be 87*(2 - 12/9). Let w be (-10)/15 - m/3. Let n = w - -29. List the prime factors of n.
3
Suppose -5*y + 0*y = -k - 8, 0 = 3*k + 4*y - 14. Let r = k - -12. What are the prime factors of r?
2, 7
Suppose 140 = t + 4*t. Suppose 0 = g + g - t. What are the prime factors of g?
2, 7
Suppose 12 = h + 5*d, 0*h - 23 = -3*h - 2*d. Suppose -2*a + 5*x + h = -48, -5*x = 15. List the prime factors of a.
2, 5
Let m(j) = 8*j. Suppose 5*s = 2*v - 4 - 11, 0 = s + 1. Suppose 4*d + 0 = 5*l + 6, l + 18 = v*d. What are the prime factors of m(l)?
2
Suppose -2*r = r - 90. What are the prime factors of r?
2, 3, 5
Suppose 0*w + 9 = 3*w. Suppose -5*g + g = -w*o - 49, 4*o + 12 = 2*g. Let s = -5 + g. List the prime factors of s.
11
Suppose -5 = -4*p - f, 4*f = 4*p - p - 18. Suppose -4*k + 10 = -p*k. List the prime factors of k.
5
Let x(z) = z**2 - 5*z + 12. Let v be x(6). Suppose -5*a + 714 = 154. What are the prime factors of a/v + (-4)/18?
2, 3
Let k be 185/5 + 4/2. Let z = k - 11. List the prime factors of z.
2, 7
Let d(p) be the first derivative of -p**4/4 - 5*p**3/3 - 2*p**2 + 4*p + 2. Let h = -2 + -2. List the prime factors of d(h).
2
Suppose 5*j = 20, -7*z - 5*j = -2*z + 10. Let l = z + 12. List the prime factors of l.
2, 3
Let h(x) = -x**2 - 6*x + 9. Let c be (1/(-2))/((-1)/(-14)). Let n be h(c). Suppose -b + z + 50 = 4*b, -n*b + 5*z + 43 = 0. What are the prime factors of b?
3
Let y(q) = 298*q**2 - 6*q + 6. What are the prime factors of y(1)?
2, 149
Let i(n) = -n - 3. Let l(j) be the third derivative of -j**6/120 + j**5/60 + j**4/6 + j**3/6 - 3*j**2. Let m be l(3). List the prime factors of i(m).
2
Let l = 40 + -10. What are the prime factors of l?
2, 3, 5
Suppose -5*b = -2*c - 71, 6*b - 24 = 3*b - 5*c. Suppose 5*r - b = 67. Suppose -r = -2*m - 2*m. What are the prime factors of m?
2
Suppose -2*l - 4*w = 49 - 243, 2*l = 5*w + 176. List the prime factors of l.
3, 31
Suppose -27 = -4*a + 73. List the prime factors of a.
5
Let u(q) = -q**2 + q + 4. Let i be u(0). Suppose -19 = 3*r + 11. Let m = i - r. What are the prime factors of m?
2, 7
Suppose a - 18 = 5*h + 6, 0 = -4*h. List the prime factors of a.
2, 3
Let z(u) = -u**3 - u**2 - 1. Let y be z(-2). Suppose y*j = 14 + 7. What are the prime factors of j?
7
Suppose 77 = -2*k - 5*j, -3*k = -0*k - 4*j + 127. Let h = -18 - k. What are the prime factors of h?
23
Suppose 10 = -5*f - 0*f. Let w(k) = 6*k**2 - 2. What are the prime factors of w(f)?
2, 11
Let o(j) = j**3 - 9*j**2 - 19*j + 9. What are the prime factors of o(11)?
2, 3, 7
Let m be 32/(-12)*18/(-4). What are the prime factors of (m - 0)*(1 + 0)?
2, 3
Suppose 10 - 4 = n. List the prime factors of n.
2, 3
Let t = -7 + 8. Let l be 0/((0 - -1)/t). Suppose -j - 5*b + 10 + 17 = l, -3*j - 5*b = -41. List the prime factors of j.
7
Suppose -5*d + 5 = -4*c + 1, 2*c + 4*d = 24. Let u = c + -6. What are the prime factors of 2 + u + 4 + 5?
3
Suppose -3*v + 27 = -0. List the prime factors of v.
3
Let x 